se
Is 26392391 composite?
True
Is 2754229 a composite number?
True
Is 41557429 a prime number?
False
Is 120610363 composite?
True
Is 5014367 a composite number?
True
Is 3206471 a prime number?
True
Is 3069637 a prime number?
True
Is 52558283 a prime number?
False
Is 2270239 prime?
True
Is 56135491 a prime number?
False
Is 2121167 a prime number?
True
Is 54164213 a prime number?
True
Is 12614491 a prime number?
False
Is 32044757 composite?
False
Is 121102103 prime?
False
Is 8799137 prime?
True
Is 207133481 composite?
False
Is 108768317 a composite number?
True
Is 69123551 a composite number?
True
Is 106657613 composite?
False
Is 2251285 composite?
True
Is 419430121 prime?
False
Is 33725311 composite?
True
Is 73523129 prime?
True
Is 5838797 prime?
True
Is 43307765 composite?
True
Is 6562531 composite?
True
Is 503249 composite?
False
Is 48508553 prime?
True
Is 18726737 a prime number?
True
Is 16217287 a prime number?
False
Is 44335391 a prime number?
False
Is 125054639 composite?
True
Is 110549903 a prime number?
True
Is 164181737 prime?
True
Is 140897951 prime?
True
Is 1116491 composite?
False
Is 6379379 a composite number?
False
Is 150636289 composite?
False
Is 136815671 prime?
True
Is 9717283 a composite number?
True
Is 422353 a prime number?
True
Is 1358639 prime?
True
Is 7446317 prime?
True
Is 9247871 composite?
True
Is 3201013 a prime number?
False
Is 2367467 prime?
True
Is 874485931 composite?
True
Is 123644497 composite?
False
Is 3238727 a prime number?
True
Is 4616687 a composite number?
False
Is 20868217 composite?
False
Is 7053127 a composite number?
False
Is 64216543 a composite number?
False
Is 73320739 prime?
False
Is 27786337 a composite number?
False
Is 8277563 composite?
True
Is 9724511 composite?
True
Is 12065477 prime?
True
Is 2198813 prime?
False
Is 2118339667 a composite number?
False
Is 9915037 a composite number?
True
Is 182802511 a prime number?
True
Is 2296141 composite?
True
Is 36395617 a prime number?
True
Is 8910497 a composite number?
False
Is 543978203 a prime number?
True
Is 1175459 a prime number?
False
Is 5219441 a prime number?
True
Is 223460351 a prime number?
True
Is 355774451 prime?
True
Is 35625211 a prime number?
True
Is 84610679 a prime number?
False
Is 41662181 a composite number?
True
Is 12110299 a prime number?
False
Is 1834003 composite?
True
Is 227373149 a prime number?
True
Is 430125427 composite?
False
Is 38185631 prime?
False
Is 2434007 composite?
True
Is 145350061 prime?
True
Is 771984151 a prime number?
True
Is 413411 a prime number?
True
Is 194335019 a composite number?
True
Is 1879151 a prime number?
True
Is 265555337 composite?
False
Is 99051973 composite?
True
Is 13589729 a composite number?
True
Is 486281 composite?
False
Is 80898247 a prime number?
False
Is 8784163 prime?
False
Is 3124171 a prime number?
True
Is 234315071 a composite number?
False
Is 641452181 prime?
True
Is 318830293 composite?
True
Is 14284027 composite?
False
Is 6938339 a prime number?
True
Is 45222355 a prime number?
False
Is 59267477 a composite number?
True
Is 2017731 prime?
False
Is 28270141 composite?
True
Is 46370543 composite?
True
Is 16141067 a composite number?
True
Is 6758173 composite?
True
Is 321681 a composite number?
True
Is 28154507 composite?
True
Is 590519621 a prime number?
True
Is 846223 a prime number?
False
Is 114150013 prime?
False
Is 322523951 composite?
True
Is 15307493 a composite number?
True
Is 17742355 prime?
False
Is 64624919 prime?
True
Is 1776067 composite?
False
Is 7661435 composite?
True
Is 38215406 composite?
True
Is 3801641 prime?
False
Is 112823 a prime number?
False
Is 537563 a prime number?
False
Is 40718005 a prime number?
False
Is 3682717 composite?
True
Is 30765197 a prime number?
True
Is 305348303 composite?
True
Is 65602561 prime?
False
Is 4844951 a composite number?
False
Is 3085529 prime?
False
Is 2069477 a composite number?
True
Is 1416433 prime?
True
Is 31193609 composite?
False
Is 550331 prime?
False
Is 15282959 a composite number?
False
Is 39400981 a prime number?
False
Is 4579049 a prime number?
False
Is 128977 prime?
False
Is 42514687 prime?
False
Is 1092859 composite?
True
Is 9789257 prime?
True
Is 100013251 a prime number?
False
Is 8476127 composite?
True
Is 2028563 prime?
False
Is 311117 a prime number?
False
Is 70318193 a prime number?
False
Is 23256769 prime?
False
Is 10247101 a prime number?
False
Is 66457441 a composite number?
False
Is 951151 a prime number?
True
Is 12562729 a prime number?
False
Is 67029983 prime?
True
Is 7336517 a composite number?
True
Is 6840527 composite?
False
Is 331248973 a composite number?
True
Is 13097281 a prime number?
False
Is 2082659 composite?
False
Is 5630309 a composite number?
False
Is 9147637 a composite number?
True
Is 560537 a prime number?
False
Is 1326551 prime?
True
Is 15763451 prime?
False
Is 994098169 a prime number?
True
Is 26581 composite?
True
Is 25516385 composite?
True
Is 2706023 a composite number?
True
Is 54821623 prime?
False
Is 596868143 prime?
True
Is 1551629 a prime number?
False
Is 4764143 a prime number?
True
Is 26933113 a prime number?
False
Is 46430141 composite?
False
Is 205416337 a composite number?
True
Is 9744923 prime?
True
Is 207741 a composite number?
True
Is 87128333 composite?
True
Is 131565739 composite?
False
Is 2187193 a prime number?
True
Is 1622839 composite?
False
Is 4057511 a prime number?
True
Is 19020037 prime?
True
Is 291077 a prime number?
True
Is 3855389 composite?
True
Is 26004211 prime?
True
Is 7214 composite?
True
Is 5586899 prime?
False
Is 1163059 composite?
True
Is 4021169 prime?
False
Is 8681371 composite?
True
Is 36502183 a prime number?
True
Is 20304007 composite?
False
Is 123232379 a composite number?
False
Is 2381506 a prime number?
False
Is 149259673 prime?
False
Is 32881921 a prime number?
False
Is 4356679 prime?
True
Is 2223349 prime?
False
Is 4682989 composite?
False
Is 2167903 composite?
False
Is 22871077 composite?
False
Is 12767951 prime?
False
Is 79592669 a composite number?
True
Is 83746999 a composite number?
True
Is 57844967 composite?
False
Is 38562857 a prime number?
False
Is 6638363 prime?
True
Is 4195483 composite?
False
Is 17685817 a composite number?
True
Is 58394285 composite?
True
Is 53023367 prime?
True
Is 6721609 composite?
False
Is 6812401 prime?
True
Is 1729543 prime?
True
Is 30422747 prime?
True
Is 95509 a prime number?
False
Is 56939681 prime?
False
Is 23317367 prime?
False
Is 99543154 a composite number?
True
Is 621983 prime?
True
Is 270129451 composite?
True
Is 117819541 prime?
False
Is 6189791 composite?
False
Is 315833 a composite number?
True
Is 10357849 composite?
True
Is 208626797 a composite number?
True
Is 26869549 a composite number?
True
Is 7847759 a prime number?
True
Is 30981215 composite?
True
Is 228129883 a composite number?
False
Is 496659 a prime number?
False
Is 106653167 prime?
True
Is 208719661 a prime number?
False
Is 54110543 prime?
False
Is 1233523 a composite number?
False
Is 92047303 a prime number?
True
Is 26072689 prime?
True
Is 457754509 composite?
True
Is 46854209 a prime number?
False
Is 4268471 a composite number?
False
Is 23846951 prime?
False
Is 7916627 prime?
True
Is 5603527 a prime number?
False
Is 226493417 composite?
False
Is 3927551 a prime number?
True
Is 31609207 prime?
False
Is 6341659 prime?
True
Is 54997781 composite?
True
Is 33552281 a composite number?
True
Is 1169587 a composite number?
False
Is 102216943 composite?
False
Is 129834877 a composite number?
False
Is 2999041 prime?
True
Is 83467619 prime?
True
Is 3487767 a prime number?
False
Is 5864095 composite?
True
Is 3291341 a composite number?
False
Is 8205391 composite?
False
Is 1886957 prime?
True
Is 8026357 prime?
True
Is 1240823 prime?
False
Is 208666091 composite?
False
Is 99754847 a composite number?
True
Is 5040899 composite?
False
Is 21338099 a composite number?
False
Is 37209757 prime?
False
Is 12177601 a prime number?
True
Is 10064759 prime?
True
Is 3145429 a prime number?
False
Is 10756841 prime?
True
Is 16658597 prime?
True
Is 65865911 a prime number?
False
Is 7215281 a composite number?
True
Is 33961469 a composite number?
True
Is 3530123 prime?
False
Is 2035981 a prime number?
False
Is 61141 prime?
True
Is 216600607 composite?
True
Is 5